2
Let u be (12/15)/((-2)/(-5)). Suppose 0*v + 4*g = -5*v + 15, -u*v - 2*g = -6. Suppose 3*s - 5 = -2*q, -v*s + 1 = -4*q + 2. What is the units digit of q?
1
What is the hundreds digit of 13 + (6325 - -13 - -1)?
3
Let l(n) = 2732*n**3 + 2*n**2 + 3*n - 5. What is the units digit of l(1)?
2
Let b(s) = s**3 + 15*s**2 + 2. Let o = 17 + -32. Let r be b(o). Suppose r*n = 3*y + 33, 0*n + y = -n + 24. What is the units digit of n?
1
Let l(a) = a**3 - 16*a**2 + 14*a + 20. Let d be l(15). Suppose -1960 = y - 5*y. Suppose 2*g - 98 = -o, y = d*o + 3*g + g. What is the tens digit of o?
9
Let l = -239 + 242. What is the units digit of (l/2)/(150/51100)?
1
Let q be 3/6*34 + (3 - 5). Let j = q + -5. What is the units digit of 29*((-4)/j)/((-1)/5)?
8
Let c(b) = -580 + 575 + 9*b - 3*b + 688*b**2. What is the hundreds digit of c(1)?
6
Suppose 4*n - 5*w = 186298, 192*n - 188*n + w - 186262 = 0. What is the thousands digit of n?
6
Suppose 3*u = 2*a - 2587, -3*a - 12*u + 13*u = -3884. What is the hundreds digit of a?
2
Let b = -1592 - -4734. What is the units digit of b?
2
Let g be (-4)/(-44) + (-569793)/(-77). Suppose -g = -17*w + 4602. What is the units digit of w?
6
Suppose 0 = -4*p + 20, 5*r - 3*p + 4*p - 20 = 0. Suppose a - r*h = 214, 0 = 4*a - 3*h - 992 + 118. What is the tens digit of a?
2
Let h(t) be the second derivative of t**4/12 + 13*t**3/6 + 20*t**2 - t + 2. What is the units digit of h(12)?
0
Let p(u) = -5*u**3 + u**2 + 61385. What is the thousands digit of p(0)?
1
Let d = 9825 + -6005. What is the hundreds digit of d?
8
Let d(j) be the third derivative of j**6/60 - j**5/3 - 5*j**4/12 + j**3/2 + 18*j**2 + 3*j. What is the hundreds digit of d(11)?
1
Suppose 8 = 4*c - 20. Let p(x) = -2*x**2 + 20*x - 22. Let h(y) = -y**2 + 10*y - 11. Let n(l) = -11*h(l) + 6*p(l). What is the tens digit of n(c)?
1
Let i(s) = 22*s**3 + s**2 - 9*s - 18. Let g be i(5). Suppose 3*o - g = 1395. What is the tens digit of o?
6
Suppose 73 = -6*g + 61. What is the units digit of (-1)/g - 5232/(-32)?
4
Suppose -62726*f + 62733*f - 421729 = 0. What is the thousands digit of f?
0
Suppose 114 + 138 = 4*p. Let q = p + -59. Suppose 480 = 4*d + q*u, -2*d = 3*u - 2*u - 235. What is the units digit of d?
5
Let f = 429 + -426. Let l(d) = 9*d**3 - 15*d**2 + 40*d. What is the hundreds digit of l(f)?
2
Let c(w) = -w**3 + 16*w**2 - 40*w - 541. What is the units digit of c(-29)?
4
Let l = -6977 + 6976. Let s(p) = -p**3 - p. Let r be s(-1). What is the hundreds digit of 115/((-4 + (r - -1))*l)?
1
Let a(g) be the second derivative of 5*g**4/12 + 2*g**3/3 - 3*g**2 + 20*g. Let f be a(-5). Let h = f + 66. What is the tens digit of h?
6
Let a be (174/9)/(5/3 + -1). Let h = a - -107. Suppose 1 + 3 = -2*j, -2*x = 5*j - h. What is the tens digit of x?
7
Let l(g) = 3*g**2 - 154*g + 79. What is the hundreds digit of l(-33)?
4
Let h(l) = 92*l - 150. Let v(u) = -61*u + 100. Let i(z) = 5*h(z) + 8*v(z). What is the hundreds digit of i(-15)?
4
Suppose 4*r = 4, -7 = -2*s - 2*r + 9. Let k be 28138/77 + (-3)/s. Suppose -3*l + k = 2*l + y, 2*y = 4*l - 292. What is the tens digit of l?
7
Let w(g) = -g**2 - 3*g + 5. Let k be w(-3). Suppose -k*x = -16 - 24. Suppose -51 = -x*c + 85. What is the units digit of c?
7
Suppose 5*g + 73*m - 71*m = 184521, -2*g - 5*m + 73800 = 0. What is the thousands digit of g?
6
Suppose -3*u = 3*q - 12885, 15*q = 13*q - u + 8594. Suppose q = 16*c + 459. Suppose -3*a - c = -921. What is the tens digit of a?
2
Suppose -5*t + 12 = 5*y - 13, 4*y = t + 15. Suppose 11 + y = 5*u. Let s(i) = 56*i - 3. What is the hundreds digit of s(u)?
1
Let v(y) = -192*y - 204. Let c(i) = -97*i - 101. Let g(n) = 5*c(n) - 2*v(n). What is the hundreds digit of g(-9)?
8
What is the tens digit of (-88)/(132/(-6)) - -20411?
1
Let o = 45 + -54. Let a be 11/o + (14/9)/7. What is the tens digit of (-1)/(68/69 + a)?
6
What is the hundreds digit of 3/15 + (-76054)/55*-6?
2
Suppose -4*u - 8201 = -3*q, -26*q - 4*u = -31*q + 13655. What is the tens digit of q?
2
Let n(p) = -3555*p + 672. What is the units digit of n(-10)?
2
Suppose -5*x + 135711 = -695*u + 697*u, 5*u = -3*x + 81400. What is the hundreds digit of x?
1
Let q(l) = 28*l - 816. Let i be q(30). Let a(v) = v - 2. Let o be a(6). What is the hundreds digit of (o/(i/(-591)))/((-3)/6)?
1
Let n(b) = 2*b**2 - b + 480. What is the hundreds digit of n(-26)?
8
Let w(k) = -7353*k - 794. What is the tens digit of w(-3)?
6
Let j(b) = -3640*b + 112. What is the thousands digit of j(-9)?
2
Let g(y) = -4*y + 212. Let h be g(24). Let s = 465 - h. What is the tens digit of s?
4
Let o be 2*4062/(-60)*-5. Let q = -466 + o. What is the tens digit of q?
1
Let h(u) = 2*u - 16. Let f be h(18). Let j = 24 - f. Suppose -5*s - 3*w = -27, -s = 3*w + j - 7. What is the units digit of s?
6
Let h be 0 + (-2 + -88)*(-6)/(-9). What is the hundreds digit of (-1)/(-4) - 445/h*21?
1
Suppose 121973 = -62*c + 65*c + 4*j, c = -j + 40655. What is the thousands digit of c?
0
Suppose -1916 + 828742 = 43*f + 63146. What is the ten thousands digit of f?
1
Suppose -2 = s - 0*q - q, -2*s = q - 8. Suppose 8*f + 1567 = 5*i + 7*f, s*i - 2*f = 622. What is the tens digit of i?
1
Let u(w) = -71*w + 83. Let a(v) = -72*v + 82. Let c(f) = 3*a(f) - 4*u(f). What is the tens digit of c(6)?
2
Suppose -35 - 7 = -14*c. What is the units digit of 2/(7098/(-2370) + c)?
5
Let d be 3/15*1 - (-188)/10. Suppose 17*n = d*n - 528. What is the units digit of n?
4
Let d(k) = -12*k**3 + 370*k**2 + 26*k - 35. What is the thousands digit of d(27)?
4
Suppose -3*u - 5*x + 16 = -6*u, -25 = -5*u - 2*x. Let o be u*7/6 + (-5)/10. Suppose 46 = -f + 3*f - 4*y, o*f - 83 = -y. What is the units digit of f?
7
What is the tens digit of 33/(42/(-50288)*-8)?
3
Let z be ((-46)/(-3))/((-22)/(-33)). Let c be (99/(-4) + 1)*-4. Let l = c - z. What is the units digit of l?
2
Let r(o) = o**2 + o + 8. Let m be r(-4). Let l be (56/m + -2)/(2/5). What is the hundreds digit of (-4)/(-2) - (-2 + l - 101)?
1
Let p(i) = i**3 - 5*i**2 - 8*i. Let b be p(6). Let c(r) = -11*r - 1. Let a(l) = -l**2 - l - 6. Let u(o) = -a(o) - c(o). What is the units digit of u(b)?
7
Let f = 300 + -270. What is the units digit of ((-72)/5)/((-4)/f)?
8
Let f(d) = 1003*d**2 - 115*d - 475. What is the hundreds digit of f(-4)?
0
Let u(c) = c**2 + 1 + 0*c**2 + 6*c**2 + 2*c**2 + 18*c. What is the hundreds digit of u(-6)?
2
Suppose -45115 - 29640 = -6*s - 11257. What is the thousands digit of s?
0
Suppose -3*y - 112 = -391. Let j = -84 + y. Let r = 79 + j. What is the tens digit of r?
8
Let f(r) = -88*r**3 + 3*r**2 - 107*r - 45. What is the hundreds digit of f(-7)?
0
Suppose -9*t = -4*t - 80. Let r(h) = 2*h + 15*h**2 + 2 - 8*h**2 + t*h**2. What is the units digit of r(-2)?
0
Suppose 25 = 5*c - 30. Let k(q) = -27 + 146*q + 42 + q**2 - 145*q. What is the units digit of k(c)?
7
Suppose 3*y - 5 = -2*j, 4*y + 12 - 8 = 0. Suppose -4*x + j*s = -144, 5*s + 104 = 3*x - 0*s. What is the units digit of x?
8
Let r(v) = v**3 + 9*v**2 - 4*v + 20. Let w be r(-10). Let q = 71 + w. Suppose -299 = -4*g - q. What is the units digit of g?
7
Let d(s) = -41*s - 7. Let w be d(-3). Let x = w - 79. Suppose 292 - x = 5*r. What is the tens digit of r?
5
Suppose 11515 = i - u, -7557 - 3950 = -i + 3*u. What is the units digit of i?
9
Let q(x) = -x - 7. Let i be q(-7). Suppose -8*p + 4*p + 160 = i. What is the hundreds digit of (p/16)/((-1)/(-60))?
1
Let m(l) = -l**3 + 17 - 15 + 43*l**2 - 57*l**2 - 16*l. What is the tens digit of m(-15)?
6
Suppose -4*m = -15*m - 8*m + 728593. What is the units digit of m?
7
Suppose -12720 = 18*t - 15204. What is the tens digit of t?
3
Let p be (-4)/5 - (-28)/10. Suppose -3*m = 3*n - 105, 5*n - 72 = -p*m + n. Suppose -10*s + m + 1226 = 0. What is the hundreds digit of s?
1
What is the units digit of 7 + (32/56 - (-5117365)/133)?
4
Let u(l) = -3*l**3 + 2*l + 1. Let v be u(-1). Suppose -26*g = 472 - 2994. Suppose g - 537 = -v*b. What is the units digit of b?
0
Let u = 29182 + -14222. What is the units digit of u?
0
Suppose -3*u = -2*j - 15, j + 2*j + 15 = 2*u. Suppose 0 = -0*a - 2*a + 3*d + 104, 5*d = u*a - 154. What is the tens digit of a?
5
Suppose -27168 = -14*w + 11654. Suppose -15*m + 2537 + w = 0. What is the units digit of m?
4
Let n be (3 - 7/8) + (-2)/16. Let o = 0 + n. Suppose 